f n?
2
Let h(i) = 7*i - 1. What are the prime factors of h(8)?
5, 11
Suppose 30 = -6*j + 630. What are the prime factors of j?
2, 5
Suppose -4*x = -0*x - 168. What are the prime factors of x?
2, 3, 7
Suppose 6*f + 5*i - 80 = f, 2*f - 40 = 2*i. Suppose 0 = -3*a - 5*y - 2 + f, -2*a + 2*y = -16. What are the prime factors of a?
7
What are the prime factors of (3 - 10/6)*105?
2, 5, 7
Let h = -232 + 387. What are the prime factors of h?
5, 31
Let n = -15 + 6. Let h be 12/n*(-6)/4. What are the prime factors of ((-2)/4)/(h/(-32))?
2
Let i(x) be the third derivative of x**6/120 - x**5/60 + x**4/24 - x**3/6 + 3*x**2. Let j be i(1). Suppose 3 + j = t. List the prime factors of t.
3
Let n(c) = c**3 - 10*c**2 + 3*c - 4. What are the prime factors of n(10)?
2, 13
List the prime factors of 5/30 + (-113)/(-6).
19
Let k(g) = 2*g + 2*g - 7*g - 10*g. What are the prime factors of k(-1)?
13
Let l be 6/(4/12*6). Suppose -5*p + l*a + 29 = 0, -3*p + 0 = 3*a - 3. What are the prime factors of p?
2
Let o be 12/(-42) + (-248)/14. What are the prime factors of ((-9)/(-2))/((-3)/o)?
3
Let f be 0 + (1 - 0/2). What are the prime factors of (-15 - f)*2/(-2)?
2
Let k be -1 + 10/(-4)*8. Let b be (-3)/(9/k) + -1. Suppose x - b = 6. List the prime factors of x.
2, 3
Let b(r) be the second derivative of -r**4/12 + r**3/6 - 2*r**2 - 2*r. Let f be b(-3). Let m = f + 27. List the prime factors of m.
11
Let r = -139 - -233. List the prime factors of r.
2, 47
Let v = -81 - -95. List the prime factors of v.
2, 7
Let c(l) = 76*l**2 + l + 1. List the prime factors of c(1).
2, 3, 13
Suppose v = -0*v - 4. What are the prime factors of (-12)/8*v/3?
2
Let c be (-170 - -5) + 4/2. List the prime factors of 2/5 + c/(-5).
3, 11
Let p = -33 - -20. List the prime factors of (p/(-2))/(4/8).
13
Suppose 3*o - 72 = -0*o. List the prime factors of o.
2, 3
Suppose -3*u - u = -8. Suppose -k = u*y - 1, 5*k - 15 = y + 23. What are the prime factors of k?
7
Suppose 9 + 1 = 5*k, -5*p - 83 = -4*k. Let j = 33 + p. List the prime factors of j.
2, 3
Let d = 259 + -38. List the prime factors of d.
13, 17
Let n(d) = d**3 - 4*d**2 - 2*d - 4. Let p be n(4). Let s be p*3/18*-2. Let x(g) = g. List the prime factors of x(s).
2
Let y = 45 + -16. List the prime factors of y.
29
Let t be 12/28 + (-221)/(-7). Suppose -x - 1 + 2 = 5*m, 2*x - t = 5*m. What are the prime factors of x?
11
Let t(y) be the first derivative of y**4/4 + y**3/3 - y**2/2 + 22*y + 2. What are the prime factors of t(0)?
2, 11
Let c(f) = f - 4. Let g be c(5). List the prime factors of 39 - (g + -1 - 2).
41
Let f = 56 + -32. What are the prime factors of f?
2, 3
Let v be (-2)/8 + 2/8. Suppose -4*a + 5*u + 5 = v, a - 3 = -2*a + 3*u. Let c = 5 + a. What are the prime factors of c?
5
Let j = -33 - -42. List the prime factors of j.
3
Let k(x) = -x**2 - 6*x - 4. Let r be k(-5). Let w = 18 + r. What are the prime factors of w?
19
Let p(q) = 6*q**2 - 2*q + 5. Let n(t) = -11*t**2 + 3*t - 9. Let o(i) = -4*n(i) - 7*p(i). List the prime factors of o(-2).
5
Suppose -2*a - 13 = 2*a + y, y + 7 = -2*a. Let l be 3 + a - (-1 + -13). Suppose 3*c = -2*g - l + 48, 5*g + 20 = 3*c. What are the prime factors of c?
2, 5
Let f be (8/3)/(8/12). Suppose -2*o + c - 3 + f = 0, -2*o - 4*c - 14 = 0. Let b = 5 - o. List the prime factors of b.
2, 3
Let f(i) = -4*i - 31. Let m(l) = 3*l + 21. Let b(z) = -5*f(z) - 7*m(z). What are the prime factors of b(-4)?
2, 3
Suppose -3*v + 3*n = 9, 6*n - 2*n - 20 = 0. What are the prime factors of v?
2
Let v(i) = i**2 + i. Let f(g) = 2*g**2 + 5*g - 5. Let r(b) = f(b) - v(b). List the prime factors of r(4).
3
Suppose -3*l + 190 = -143. What are the prime factors of l?
3, 37
Let d(y) = -y**2 + 36*y - 4. List the prime factors of d(24).
2, 71
Suppose -5 = 2*t - 41. Suppose -3*z + 0 = 30. List the prime factors of z/(-45) - (-104)/t.
2, 3
Let o be (1 - -1)/((-2)/9). Suppose 3*j + 5 = -2*m, 5*j + 2*m = m - 13. Let t = j - o. List the prime factors of t.
2, 3
Let f(t) = -4*t**3 - 2*t + 2. What are the prime factors of f(-3)?
2, 29
List the prime factors of (27/5)/((-7)/(-35)).
3
Suppose -4*y - 282 = -1350. What are the prime factors of y?
3, 89
Suppose 5*q - 61 = 434. What are the prime factors of q?
3, 11
Suppose 2*p + 2*y - 28 = -3*y, 5*p = 5*y. Suppose -h + 44 = 3*h - p*k, -4*h + 2*k + 34 = 0. Let z = h - 1. List the prime factors of z.
5
Let y(w) = -w**3 - 2*w**2 + 2*w - 2. Let v be y(-3). Let r(l) = 16*l**3 + l**2 - l + 1. List the prime factors of r(v).
17
Let z be (-2 - 0)*(-1 + 3). Let p = z - -6. Suppose 4 + 2 = p*s. List the prime factors of s.
3
Let m(q) = 129*q**3 + q**2 - 2*q + 1. List the prime factors of m(1).
3, 43
Let m = 157 + -97. Suppose -a = -5*a + m. What are the prime factors of a?
3, 5
Suppose 3*f = -f + 76. List the prime factors of f.
19
Suppose 152 = w - 69. What are the prime factors of w?
13, 17
Let t be 21/35 - (-12)/5. Suppose 0 = 2*a - t*w + 6, -2*a - 2 = -4*w + 2*w. List the prime factors of (4 - a)*3 + -1.
2
Let s be 10/3*12/8. Suppose -4*y - s*v - 5 = -0*y, -2*y - 5 = 3*v. What are the prime factors of y?
5
Let o = 78 - 35. What are the prime factors of o?
43
Let i = 7 + 33. What are the prime factors of i?
2, 5
Suppose -3*m = -4 - 2. Suppose 4*d - m*d = -3*j + 19, -4*j = 2*d - 22. Suppose 2*f - d*f + 25 = h, 0 = -3*h - 6. What are the prime factors of f?
3
Let v(n) = -3*n - 9. Let m be v(10). Let y = -16 - m. What are the prime factors of y?
23
Let n(k) = -3*k + 107. List the prime factors of n(0).
107
Suppose -44 = 5*y + 101. Let d(u) = -u**3 - 8*u**2 - 6*u - 9. Let g be d(-7). Let j = g - y. List the prime factors of j.
13
Suppose 27 + 27 = -3*w. Let p = w - -33. List the prime factors of (-1 + p/6)*12.
2, 3
Suppose 0*a + 5*a = 160. What are the prime factors of a?
2
Let u = 66 + 68. What are the prime factors of u?
2, 67
Suppose 0 = 3*y - 4 + 16. List the prime factors of y/((-8)/30) + -3.
2, 3
List the prime factors of 3620/50 + 2/(-5).
2, 3
Let l = 12 - 9. Let r be 22/3*l/2. Suppose r*q - 40 = 6*q. List the prime factors of q.
2
Let p(i) = i**3 + 3*i**2 + 4*i + 2. Let q(o) = -o**3 - 5*o**2 - 7*o - 4. Let b(t) = -11*p(t) - 6*q(t). What are the prime factors of b(-2)?
2, 17
Let y be ((-20)/(-6))/((-1)/(-3)). Let a be -2 + 0 - (-9 + 7). Suppose a*v = 5*v - y. What are the prime factors of v?
2
Let k = -36 - -61. What are the prime factors of k?
5
Let a = 53 - 17. List the prime factors of a.
2, 3
Let s(k) = k**3 + 13. Let a be s(0). Suppose a - 4 = 3*l. What are the prime factors of l?
3
Let s(w) = -3*w**3 - 15*w**2 + 4*w + 1. Let u(z) = 2*z**3 + 8*z**2 - 2*z. Let y(q) = -3*s(q) - 5*u(q). Suppose -4*n - 6 = -22. List the prime factors of y(n).
5
Suppose 4*o - 159 = -3*q - 17, -4*q - 119 = -3*o. Suppose 0 = 3*n + 4*i - o - 0, 3*n - i - 47 = 0. List the prime factors of n.
3, 5
Let s = 1 - 1. Suppose -d = -s - 3. Suppose 18 = -y + d*y. List the prime factors of y.
3
Let f(b) = -b**3 + 4*b**2 - 2*b + 1. Let u be f(4). What are the prime factors of 2/(-6)*3*u?
7
What are the prime factors of (-24)/4 + 1028/4?
251
Let w = 29 + -18. Suppose -4*z - 3 + w = 0. Suppose 7 = z*l + 1. What are the prime factors of l?
3
Let w(s) = 9*s - 1. List the prime factors of w(10).
89
Suppose n = 2 - 0. Suppose 7 = -n*h + 3*h + 4*j, 3*j - 86 = -5*h. List the prime factors of h.
19
Let b(q) = -2*q**3 - q**2 + 1. Suppose 11 = 5*p - 4*v, -4*v - 1 = 15. Let i be b(p). Suppose -2*u + 60 = i*u. What are the prime factors of u?
3, 5
Let o = -5 + 8. Suppose o*z = 30 + 36. What are the prime factors of z?
2, 11
Suppose -3*o - 25 + 113 = -4*h, -44 = 2*h + 4*o. Let a = h - -32. List the prime factors of a.
2, 5
Let b = -16 + 18. Suppose -b*y + 45 = 13. List the prime factors of y.
2
Let h(t) = -2*t**2 + 5*t + 4. Let i(y) = y**2 - 5*y - 5. Suppose -2*d - 6 = -0*d. Let p(u) = d*i(u) - 2*h(u). What are the prime factors of p(-5)?
7
Let c be 47/2 - 30/20. Let k(z) = z**2 - 9*z + 2. Let d be k(6). Let f = d + c. What are the prime factors of f?
2, 3
Suppose -4*y + 2*j = -0*y - 6, 0 = 4*y + 4*j. What are the prime factors of 30/(-4)*(-2)/y?
3, 5
Let x = 11 - 11. Suppose -q = 2*q + g - 5, 3*q + 4*g + 7 = x. List the prime factors of q.
3
Suppose j + 5*q + 17 = 0, 0*q + 25 = -5*q. Let i(b) be the first derivative of b**3/3 - 3*b**2 - 7*b - 4. What ar